mainder when 545397 is divided by 26?
21
Calculate the remainder when 4354 is divided by 948.
562
Calculate the remainder when 40191 is divided by 10044.
15
What is the remainder when 383143 is divided by 445?
443
Calculate the remainder when 342491 is divided by 176.
171
What is the remainder when 311 is divided by 256?
55
What is the remainder when 1917 is divided by 782?
353
Calculate the remainder when 111307 is divided by 530.
7
What is the remainder when 10264 is divided by 5083?
98
What is the remainder when 3936 is divided by 338?
218
Calculate the remainder when 2326 is divided by 795.
736
What is the remainder when 579548 is divided by 39?
8
Calculate the remainder when 14494 is divided by 807.
775
What is the remainder when 239567 is divided by 1186?
1181
Calculate the remainder when 675 is divided by 400.
275
Calculate the remainder when 597 is divided by 250.
97
Calculate the remainder when 6575 is divided by 237.
176
Calculate the remainder when 7861 is divided by 342.
337
Calculate the remainder when 662 is divided by 17.
16
Calculate the remainder when 1330 is divided by 1314.
16
What is the remainder when 188726 is divided by 21?
20
What is the remainder when 3837 is divided by 132?
9
What is the remainder when 1658 is divided by 381?
134
What is the remainder when 4756 is divided by 119?
115
What is the remainder when 74249 is divided by 352?
329
What is the remainder when 27242 is divided by 1184?
10
What is the remainder when 933 is divided by 23?
13
Calculate the remainder when 4795 is divided by 120.
115
Calculate the remainder when 52391 is divided by 782.
779
Calculate the remainder when 10330 is divided by 518.
488
What is the remainder when 179523 is divided by 11?
3
What is the remainder when 4964 is divided by 3052?
1912
Calculate the remainder when 9909 is divided by 825.
9
Calculate the remainder when 2224 is divided by 272.
48
Calculate the remainder when 660138 is divided by 30.
18
Calculate the remainder when 92147 is divided by 404.
35
Calculate the remainder when 8537 is divided by 228.
101
Calculate the remainder when 682 is divided by 85.
2
What is the remainder when 10430 is divided by 605?
145
What is the remainder when 1244 is divided by 148?
60
What is the remainder when 1018 is divided by 433?
152
What is the remainder when 32741 is divided by 10910?
11
Calculate the remainder when 1475 is divided by 74.
69
Calculate the remainder when 24357 is divided by 109.
50
Calculate the remainder when 13246 is divided by 10.
6
Calculate the remainder when 490 is divided by 241.
8
What is the remainder when 15338 is divided by 146?
8
Calculate the remainder when 5583 is divided by 2786.
11
What is the remainder when 10750 is divided by 163?
155
What is the remainder when 55344 is divided by 2128?
16
What is the remainder when 2040102 is divided by 15?
12
What is the remainder when 2410 is divided by 118?
50
Calculate the remainder when 12028 is divided by 21.
16
What is the remainder when 2178 is divided by 343?
120
What is the remainder when 2149 is divided by 40?
29
What is the remainder when 1120 is divided by 853?
267
What is the remainder when 212222 is divided by 653?
650
Calculate the remainder when 12126 is divided by 3029.
10
Calculate the remainder when 65435 is divided by 228.
227
What is the remainder when 116645 is divided by 307?
292
What is the remainder when 18006 is divided by 16?
6
Calculate the remainder when 43029 is divided by 1790.
69
What is the remainder when 11249 is divided by 3657?
278
Calculate the remainder when 26644 is divided by 954.
886
Calculate the remainder when 2938337 is divided by 22.
17
What is the remainder when 43838 is divided by 32?
30
What is the remainder when 3596 is divided by 24?
20
Calculate the remainder when 14929 is divided by 2488.
1
Calculate the remainder when 139389 is divided by 24.
21
Calculate the remainder when 235635 is divided by 57.
54
Calculate the remainder when 64105 is divided by 9.
7
Calculate the remainder when 384502 is divided by 64.
54
Calculate the remainder when 1729648 is divided by 15.
13
Calculate the remainder when 612741 is divided by 363.
360
Calculate the remainder when 65961 is divided by 12.
9
What is the remainder when 13076 is divided by 1305?
26
Calculate the remainder when 6806 is divided by 11.
8
What is the remainder when 690335 is divided by 144?
143
What is the remainder when 12878 is divided by 27?
26
Calculate the remainder when 26423 is divided by 33.
23
What is the remainder when 569 is divided by 101?
64
What is the remainder when 216499 is divided by 1370?
39
Calculate the remainder when 18598 is divided by 6195.
13
Calculate the remainder when 21708 is divided by 18.
0
What is the remainder when 367 is divided by 6?
1
What is the remainder when 2006 is divided by 882?
242
What is the remainder when 4510 is divided by 45?
10
What is the remainder when 19410 is divided by 77?
6
Calculate the remainder when 19465 is divided by 140.
5
What is the remainder when 1040124 is divided by 2286?
2280
What is the remainder when 2532 is divided by 115?
2
Calculate the remainder when 102599 is divided by 18.
17
Calculate the remainder when 7139 is divided by 883.
75
What is the remainder when 44455 is divided by 22216?
23
What is the remainder when 4558 is divided by 12?
10
Calculate the remainder when 5323 is divided by 470.
153
Calculate the remainder when 1594 is divided by 59.
1
Calculate the remainder when 418246 is divided by 809.
802
What is the remainder when 120669 is divided by 46?
11
Calculate the remainder when 968 is divided by 452.
64
Calculate the remainder when 81075 is divided by 1885.
20
What is the remainder when 52898 is divided by 33?
32
Calculate the remainder when 13828 is divided by 127.
112
What is the remainder when 34473 is divided by 11360?
393
Calculate the remainder when 3675 is divided by 469.
392
Calculate the remainder when 11963 is divided by 5913.
137
Calculate the remainder when 4223 is divided by 3878.
345
What is the remainder when 893 is divided by 63?
11
What is the remainder when 7431 is divided by 48?
39
What is the remainder when 967 is divided by 144?
103
Calculate the remainder when 93268 is divided by 23209.
432
What is the remainder when 11061 is divided by 9?
0
What is the remainder when 63859 is divided by 91?
68
What is the remainder when 3320 is divided by 599?
325
Calculate the remainder when 734 is divided by 212.
98
What is the remainder when 32076 is divided by 401?
397
What is the remainder when 8760 is divided by 8684?
76
Calculate the remainder when 3265 is divided by 779.
149
What is the remainder when 73334 is divided by 65?
14
What is the remainder when 4801 is divided by 192?
1
Calculate the remainder when 10589 is divided by 126.
5
Calculate the remainder when 27270 is divided by 66.
12
Calculate the remainder when 3933 is divided by 438.
429
Calculate the remainder when 40874 is divided by 9.
5
Calculate the remainder when 47176 is divided by 7.
3
What is the remainder when 2771 is divided by 31?
12
Calculate the remainder when 221184 is divided by 242.
238
Calculate the remainder when 7278 is divided by 118.
80
Calculate the remainder when 14317 is divided by 106.
7
What is the remainder when 11265 is divided by 11255?
10
Calculate the remainder when 37181 is divided by 113.
4
What is the remainder when 9621434 is divided by 2123?
2121
What is the remainder when 24985 is divided by 208?
25
What is the remainder when 2778959 is divided by 240?
239
What is the remainder when 341101 is divided by 212?
205
What is the remainder when 1241 is divided by 311?
308
What is the remainder when 49144 is divided by 1027?
875
What is the remainder when 22833 is divided by 737?
723
What is the remainder when 27176 is divided by 4525?
26
Calculate the remainder when 4494 is divided by 38.
10
Calculate the remainder when 115408 is divided by 17.
12
Calculate the remainder when 1830 is divided by 158.
92
Calculate the remainder when 65695 is divided by 30.
25
Calculate the remainder when 10792 is divided by 2156.
12
Calculate the remainder when 334917 is divided by 334909.
8
What is the remainder when 219623 is divided by 73178?
89
Calculate the remainder when 40831 is divided b